e a*r - 82 = -5*b, 11 = 5*b + 3*r - 72. List the prime factors of b.
2
List the prime factors of (230/(-20) + 11)*-9620.
2, 5, 13, 37
What are the prime factors of 60928/133 - 10/95?
2, 229
Let w(c) = 76*c**2 - 4*c + 1. What are the prime factors of w(-3)?
17, 41
Let n be (7 - (-3 - -6)) + -8. Let u be (-365)/n + 9/(-36). Suppose -2*d + u + 1 = 0. What are the prime factors of d?
2, 23
Suppose 86*y = 88*y - 1628. What are the prime factors of y?
2, 11, 37
Let u(v) = 216*v**2 - 8*v + 5. List the prime factors of u(1).
3, 71
Suppose -3*l + 978 = -1788. What are the prime factors of l?
2, 461
Let l be (0 + -2)*(4 - 6). Suppose 0 = s + 4*u - 33, -l*s + u = -234 + 68. List the prime factors of s.
41
Let f(h) = -h**3 - 50*h**2 - 52*h + 114. List the prime factors of f(-49).
3, 29
Let v = 1549 + -773. What are the prime factors of v?
2, 97
Let n(x) = 25*x**2 - 44*x**2 + 12*x - 3 - 5*x + 22*x**2. What are the prime factors of n(-6)?
3, 7
Let f = -268 - -304. Let l be (1 + -1)*(-2)/(-4). Suppose -f = -l*p - p. What are the prime factors of p?
2, 3
Suppose 49*q = 3*q + 36662. List the prime factors of q.
797
Suppose 3*h - 2*v - 430 + 149 = 0, -3*v = -5*h + 467. Let m(q) = q**3 - 5*q**2 - 8*q + 4. Let k be m(8). Let i = k - h. What are the prime factors of i?
41
Let i(s) be the second derivative of -s**5/20 + s**4/4 + 5*s**3/3 + 6*s**2 - 4*s. List the prime factors of i(5).
2, 3
Let m = -120 - -139. List the prime factors of m.
19
Let d = -7 - -9. Suppose -z - 2*y + 11 = d*y, 4*y + 11 = z. What are the prime factors of z?
11
Suppose 17*j + 17640 = 37*j. List the prime factors of j.
2, 3, 7
Let c(g) = 16*g - 52. Let d(i) = 5*i - 17. Let q(r) = -3*c(r) + 10*d(r). Let m be q(5). What are the prime factors of 22/4 + m/8?
5
Let g = 10 - -133. What are the prime factors of g?
11, 13
Suppose 5*q = 4*u + 5, -u - 3 = u - 3*q. Let j be (u - 0)/((-30)/(-15)). Suppose -2*w - 3*w + 180 = j. What are the prime factors of w?
2, 3
Suppose -28*f - 20772 = -99872. List the prime factors of f.
5, 113
Let t(u) = 38*u**2 + 2. Let r be 3 - 0 - (-6 + 11). What are the prime factors of t(r)?
2, 7, 11
Suppose 8*j - 8741 = -1533. What are the prime factors of j?
17, 53
Suppose 6*z = 4*z + 186. Let l = z - -224. What are the prime factors of l?
317
Let z = 4311 + -2759. What are the prime factors of z?
2, 97
Let d(u) = u**3 - 2*u**2 + 10*u - 2. Suppose 3*m - 12 = -2*j, 0*j + 2*j + 12 = 3*m. List the prime factors of d(m).
2, 5, 7
What are the prime factors of (-2829)/((-42)/(-7) - 9)?
23, 41
Let r(o) be the third derivative of -o**6/120 - o**5/30 - 5*o**4/24 + o**3/2 - 10*o**2. What are the prime factors of r(-5)?
103
Let c be (-531)/21 + (-10)/(-35). Let j = c - -27. What are the prime factors of 32 + 3/((-3)/j)?
2, 3, 5
Let t be (7 - -26)*(88/3 - -2). Suppose 5*f - t = 4*y, -y - 2 = y. List the prime factors of f.
2, 103
Let t(p) = -p**3 + 12*p**2 + 13*p + 11. Let d be t(13). Suppose -84 = -d*b + 4*b. List the prime factors of b.
2, 3
Let n(i) = 12*i**2 + i - 1. Let j be n(-2). Let f be ((-48)/30)/((-6)/j). Suppose 0 = -4*x + 24 + f. What are the prime factors of x?
3
Let h(z) = -3*z + 99. List the prime factors of h(12).
3, 7
Let p be 3 + -2 + -11*1. Let f = 14 + p. What are the prime factors of f?
2
Let m = 16247 - 10969. List the prime factors of m.
2, 7, 13, 29
Let c(v) be the second derivative of v**4/12 - 2*v**3/3 - v**2/2 - 5*v. Let n be c(5). Suppose 0 = 2*u + n*u - 72. List the prime factors of u.
2, 3
Let a = -58 - -62. List the prime factors of (-117 + 1)*((-6)/a + 1).
2, 29
Suppose 0*t - 4*t - 112 = 0. Let r be 2/((-76)/t + -3). Let z = -1 - r. List the prime factors of z.
2, 3
Let i(d) = 10*d + 46. Let q be i(15). Suppose q = 8*a - 380. What are the prime factors of a?
2, 3
Let z = 4 + -20. List the prime factors of (168/z)/(1/(-2)).
3, 7
Suppose 11*u = 7*u + 8. Let s(p) = 13*p + 0 + 0*p + 3 - u. List the prime factors of s(2).
3
Let w = -107 - -89. Let l(u) = -8*u - 44. List the prime factors of l(w).
2, 5
Let f = 812 - 518. What are the prime factors of f?
2, 3, 7
Let t = 13 - 23. Let d be t*(84/8)/7. List the prime factors of d/6*60/(-25).
2, 3
Let v(u) = -3*u**3 + 4*u**2 + 4*u. Let p be v(-4). Let l be (-407)/15 - (-32)/p. Let r = l - -67. List the prime factors of r.
2, 5
Let w = -6 - -5. Let m be ((w - -2) + 56)/(-1). Let y = -38 - m. What are the prime factors of y?
19
What are the prime factors of 3018*((-6)/(-4))/(-24 + 27)?
3, 503
List the prime factors of (-7327)/(-7) - (-6 - (-40)/7).
3, 349
List the prime factors of ((-14)/15)/(-7) + 1108162/510.
41, 53
Suppose -7*i = -17*i - 80. List the prime factors of (-9 - i)*68*-1.
2, 17
Let r(g) = -1 - 3 - 5 + 6 + g. Let b be r(3). Suppose -7*o + 2*o + 220 = b. List the prime factors of o.
2, 11
Suppose -224 = -5*u + u. Let m(l) = 2*l**2 + 4*l - 2. Let r be m(-3). Suppose -37 = -2*x - 5*b - 12, -4*b + u = r*x. List the prime factors of x.
3, 5
Let m be 544 - (-36)/(-30)*(-20)/6. Let i = m - 276. List the prime factors of i.
2, 17
Let u(g) = 2*g**2 - 2*g - 1. List the prime factors of u(16).
479
Let t = 477 + 441. What are the prime factors of t?
2, 3, 17
Suppose 2*m = -5*c - m - 61, 4*m = -8. Suppose 2*d = -2*d - 96. Let q = c - d. What are the prime factors of q?
13
Suppose 3*y - 3 = 0, -267 + 16 = -3*j + 4*y. Let g = j + 81. List the prime factors of g.
2, 83
Suppose -3*g + 3*y - 519 = 789, 1724 = -4*g - y. List the prime factors of (g/168)/(1/(-14)).
2, 3
Let g = -37 + 47. Let k(h) = h**2 - 4*h + 35. List the prime factors of k(g).
5, 19
Let o = -23 + 54. Let f = -27 + 10. Let x = o + f. What are the prime factors of x?
2, 7
Let s = 118 - 116. Suppose 12*h = -s*h + 3556. List the prime factors of h.
2, 127
Suppose -25*p + 8*p + 22457 = 0. What are the prime factors of p?
1321
Let w be -101*(-21)/(-14)*(-2)/1. Suppose 5*x + 3*y = 366, 0 = -3*x - x + y + w. What are the prime factors of x?
3, 5
Let m(t) = -t**3 + 19*t**2 - 20*t. Let p be m(16). Suppose -p = -17*d + 13*d. Suppose -3*s + d = s. List the prime factors of s.
2, 7
Let f be 1/(-4) - 482/(-8). Suppose -68 = -4*s - 0*s. Let p = f + s. List the prime factors of p.
7, 11
Let s be -2*((-618)/(-8))/(3/(-10)). Suppose -2*y + s = 3*v + 2*y, -5*v + 4*y + 805 = 0. List the prime factors of v.
3, 5, 11
Let u(b) = 205*b**2 + 19*b + 34. What are the prime factors of u(-2)?
2, 3, 17
Let w = -871 + 1304. List the prime factors of w.
433
Let z = 391 - 244. Suppose g - j - z = j, 4*j = 3*g - 437. Suppose -o - 2*s + 86 = 0, s + g = 4*o - 165. What are the prime factors of o?
2, 3, 13
Let i = -17 + -168. Let v = i - -351. List the prime factors of v.
2, 83
Let p(u) = -19*u + 46. What are the prime factors of p(-12)?
2, 137
Let v = 1492 + -894. List the prime factors of v.
2, 13, 23
Let u be (-70)/7*4/(-10). Suppose -3*i = -2*f + 5*f, -4*i = 2*f + u. List the prime factors of 4/5*(-5)/i.
2
Suppose -126 = -a + 338. What are the prime factors of a?
2, 29
Let y = 475 - 245. Let m = y + -57. What are the prime factors of m?
173
Let k = -19 + 19. Suppose 4*w - 2*v - 436 = -k*v, 0 = w - 2*v - 112. What are the prime factors of w?
2, 3
Let h = -9 + -13. Let s = h + 67. What are the prime factors of s?
3, 5
Let p(w) = -6*w - 3. Let g be p(-3). Suppose -16*m = -g*m - 9. List the prime factors of m.
3
Let r(l) = -l + 4. Let h = 2 + 8. Suppose 4*d + 5*c - 1 + 15 = 0, -h = -5*c. What are the prime factors of r(d)?
2, 5
Let j = 83 - 3. List the prime factors of j.
2, 5
Suppose 2*r + 4*u = 2*u + 24, -2*u = -5*r + 39. Suppose r*q = 4*q + 315. List the prime factors of q.
3, 7
Let d = 1234 + -694. What are the prime factors of (d/(-15))/((-3)/2)?
2, 3
Let z(f) = -f**2 - 20*f - 4. Let r be z(-19). Suppose 21*x = r*x + 798. List the prime factors of x.
7, 19
Suppose 6*b - 4*b + 26 = -4*o, 3*b - 24 = 3*o. Let x(v) = -4*v + 37. List the prime factors of x(o).
5, 13
Let q be (-3)/15 + 311/5. Suppose -q = y - 3*y. What are the prime factors of y?
31
Suppose 0 = 31*b - 28308 - 3467. List the prime factors of b.
5, 41
Let w be (-7192)/3 + (-6)/(-18) - 0. List the prime factors of w/(-27) + 12/54.
89
Let n(v) = 3*v**2 + 7*v + 7. Let f be n(-3). Let t = f + -3. Suppose w + 6*a - 2*a - 63 = 0, t = 2*a. List the prime factors of w.
43
Let h(y) = -3*y**2 - y + 3. Let a(m) = -m + 1. Let c(x) = a